{"id":319,"date":"2021-11-10T22:12:07","date_gmt":"2021-11-10T22:12:07","guid":{"rendered":"https:\/\/manta.li\/?page_id=319"},"modified":"2021-11-10T23:20:41","modified_gmt":"2021-11-10T23:20:41","slug":"vision","status":"publish","type":"page","link":"https:\/\/manta.li\/?page_id=319","title":{"rendered":"Vision"},"content":{"rendered":"\n<p>Nebst dem Spass beim Spielen und dem Aufbau von Kompetenzen wird die Erhaltung des Korallenriffs in Raja Ampat unterst\u00fctzt. Dadurch bekommt das Spiel mit dem Thema Korallenriff, Manta usw. nicht nur ein sch\u00f6nes Design, sondern verk\u00f6rpert auch die Vision die Sch\u00f6nheit der Ozeane zu erhalten. M\u00f6chten Sie mehr \u00fcber das Projekt erfahren. Mehr Informationen auf der Webpage der <a href=\"https:\/\/www.barefootconservation.org\/conservation-in-indonesia\/barefoot-conservation-mission-and-goals\" target=\"_blank\" rel=\"noreferrer noopener\">Barefoot Conversation<\/a><\/p>\n","protected":false},"excerpt":{"rendered":"<p>Nebst dem Spass beim Spielen und dem Aufbau von Kompetenzen wird die Erhaltung des Korallenriffs in Raja Ampat unterst\u00fctzt. Dadurch bekommt das Spiel mit dem Thema Korallenriff, Manta usw. nicht nur ein sch\u00f6nes Design, sondern verk\u00f6rpert auch die Vision die Sch\u00f6nheit der Ozeane zu erhalten. M\u00f6chten Sie mehr \u00fcber das Projekt erfahren. Mehr Informationen auf&hellip; <a class=\"more-link\" href=\"https:\/\/manta.li\/?page_id=319\"><span class=\"screen-reader-text\">Vision<\/span> weiterlesen<\/a><\/p>\n","protected":false},"author":1,"featured_media":0,"parent":0,"menu_order":0,"comment_status":"closed","ping_status":"closed","template":"","meta":{"footnotes":""},"class_list":["post-319","page","type-page","status-publish","hentry","entry"],"jetpack_sharing_enabled":true,"_links":{"self":[{"href":"https:\/\/manta.li\/index.php?rest_route=\/wp\/v2\/pages\/319","targetHints":{"allow":["GET"]}}],"collection":[{"href":"https:\/\/manta.li\/index.php?rest_route=\/wp\/v2\/pages"}],"about":[{"href":"https:\/\/manta.li\/index.php?rest_route=\/wp\/v2\/types\/page"}],"author":[{"embeddable":true,"href":"https:\/\/manta.li\/index.php?rest_route=\/wp\/v2\/users\/1"}],"replies":[{"embeddable":true,"href":"https:\/\/manta.li\/index.php?rest_route=%2Fwp%2Fv2%2Fcomments&post=319"}],"version-history":[{"count":2,"href":"https:\/\/manta.li\/index.php?rest_route=\/wp\/v2\/pages\/319\/revisions"}],"predecessor-version":[{"id":331,"href":"https:\/\/manta.li\/index.php?rest_route=\/wp\/v2\/pages\/319\/revisions\/331"}],"wp:attachment":[{"href":"https:\/\/manta.li\/index.php?rest_route=%2Fwp%2Fv2%2Fmedia&parent=319"}],"curies":[{"name":"wp","href":"https:\/\/api.w.org\/{rel}","templated":true}]}}